 common factor of 282 and 9487702?
94
Calculate the highest common factor of 18 and 9313821.
9
What is the greatest common divisor of 18080 and 1541885?
565
Calculate the greatest common factor of 108357 and 285.
57
Calculate the greatest common factor of 226409400 and 120.
120
What is the highest common divisor of 8008 and 548?
4
Calculate the highest common divisor of 10 and 290768735.
5
Calculate the highest common factor of 12001 and 48785.
11
Calculate the greatest common factor of 37173789 and 2637.
2637
Calculate the highest common factor of 144896 and 89145.
283
Calculate the highest common factor of 5705 and 2284170.
35
Calculate the highest common factor of 21045 and 88215.
15
What is the greatest common divisor of 467 and 7988969?
467
What is the highest common divisor of 58124369 and 64537?
5867
Calculate the greatest common factor of 15 and 962377265.
5
Calculate the greatest common divisor of 1611726 and 19092.
258
What is the highest common factor of 5628 and 57328684?
1876
What is the greatest common divisor of 7739 and 1829456?
109
Calculate the greatest common factor of 57 and 298068.
3
Calculate the greatest common factor of 137517276 and 28704.
3588
Calculate the greatest common factor of 87971 and 136747.
871
What is the highest common factor of 24 and 164019?
3
Calculate the highest common divisor of 6584 and 243140536.
6584
What is the highest common divisor of 52998 and 360822?
726
What is the greatest common divisor of 284 and 91134?
2
What is the greatest common factor of 34961531 and 11?
11
What is the highest common factor of 6347244 and 15756?
1212
Calculate the highest common divisor of 48887 and 318592.
19
What is the greatest common factor of 135200 and 4989400?
2600
Calculate the greatest common factor of 1137 and 17366538.
1137
Calculate the highest common factor of 1529 and 934358.
139
Calculate the greatest common factor of 179417 and 3582376.
497
What is the greatest common divisor of 2684 and 9516122?
1342
What is the greatest common divisor of 8 and 107839?
1
What is the highest common factor of 34283508 and 28?
28
What is the highest common factor of 969516 and 102?
6
What is the highest common divisor of 160 and 8637290?
10
What is the highest common factor of 72 and 190083204?
36
What is the greatest common divisor of 93490656 and 864?
96
What is the highest common factor of 110 and 157250016?
22
Calculate the greatest common divisor of 71032 and 12077.
13
What is the highest common factor of 1039431 and 36411?
687
Calculate the highest common divisor of 687234 and 16.
2
What is the highest common factor of 8383871 and 145?
29
Calculate the greatest common divisor of 50 and 61024.
2
What is the highest common divisor of 637417 and 1628?
11
Calculate the greatest common factor of 2102688 and 1.
1
Calculate the greatest common divisor of 110217110 and 290.
290
Calculate the highest common factor of 37761221 and 73.
73
What is the highest common divisor of 36976510 and 3392?
106
Calculate the highest common divisor of 45 and 22316643.
9
What is the highest common factor of 871 and 6701273?
67
What is the highest common factor of 5365256 and 14651?
299
What is the highest common divisor of 130 and 2041750?
10
What is the greatest common divisor of 136513685 and 1155?
385
What is the highest common factor of 25990129 and 55?
11
Calculate the highest common factor of 8816 and 1226564.
76
What is the greatest common factor of 2730 and 5526930?
30
What is the highest common factor of 3311003 and 1126?
563
What is the highest common divisor of 14450 and 19674542?
578
What is the greatest common divisor of 1641846 and 174?
6
What is the greatest common divisor of 176 and 678865528?
88
Calculate the greatest common divisor of 1330644 and 101866.
62
What is the highest common factor of 37424 and 453419828?
9356
Calculate the highest common factor of 17928884 and 932.
932
Calculate the greatest common divisor of 989830 and 6695.
515
Calculate the highest common factor of 898992 and 17016.
24
Calculate the highest common factor of 99858476 and 102.
34
What is the greatest common factor of 1100952 and 104?
8
Calculate the highest common divisor of 8203 and 1725154.
631
Calculate the highest common divisor of 80 and 27170064.
16
What is the highest common factor of 4767 and 293057?
227
Calculate the highest common factor of 4907167 and 10537.
41
What is the highest common factor of 38775 and 1440550?
1175
What is the greatest common factor of 330544 and 6784?
16
Calculate the greatest common divisor of 212602 and 45118.
34
What is the highest common divisor of 410 and 8371626?
82
What is the highest common divisor of 8869630 and 17094?
154
Calculate the highest common divisor of 16815177 and 9.
9
What is the greatest common factor of 378457 and 2669976?
263
What is the greatest common factor of 15549191 and 203?
203
What is the greatest common factor of 2420329 and 3789?
421
What is the highest common factor of 41881630 and 17840?
2230
What is the highest common factor of 11050965 and 907425?
4905
Calculate the highest common divisor of 661 and 244911737.
661
What is the highest common divisor of 203259012 and 118?
118
Calculate the highest common factor of 27099799 and 164761.
2257
Calculate the highest common divisor of 4768072 and 376.
8
What is the greatest common factor of 459882808 and 56?
56
Calculate the highest common divisor of 4260 and 22209510.
2130
What is the highest common factor of 28973719 and 3288?
137
Calculate the greatest common divisor of 1595 and 7275895.
55
What is the greatest common factor of 9216 and 5759136?
288
Calculate the highest common divisor of 397740460 and 78.
26
What is the highest common factor of 71221 and 178823?
67
Calculate the highest common factor of 2112318 and 782.
34
What is the highest common divisor of 3264616 and 16?
8
What is the highest common divisor of 92040 and 465920?
520
Calculate the highest common factor of 64116 and 810498.
78
What is the greatest common divisor of 13 and 20622251?
13
Calculate the highest common factor of 1471580 and 3696.
44
Calculate the greatest common factor of 3169865 and 1520.
95
What is the highest common factor of 3175 and 46003464?
127
Calculate the greatest common divisor of 14507577 and 3015.
603
Calculate the greatest common factor of 40208 and 53132.
1436
Calculate the greatest common factor of 21668 and 748.
4
Calculate the highest common factor of 677 and 81024037.
677
Calculate the highest common divisor of 57229022 and 69606.
2578
Calculate the greatest common factor of 2506626 and 762.
6
What is the highest common divisor of 462 and 29830031?
77
What is the greatest common factor of 632 and 882351?
79
What is the greatest common factor of 4701 and 3507?
3
Calculate the greatest common divisor of 243 and 105898347.
81
Calculate the greatest common divisor of 13233889 and 183.
61
What is the greatest common factor of 97 and 31800383?
97
Calculate the highest common divisor of 2223 and 4133259.
117
Calculate the greatest common divisor of 43090300 and 344.
172
Calculate the highest common divisor of 27648 and 260481024.
9216
Calculate the greatest common divisor of 65214509 and 17265.
1151
Calculate the highest common divisor of 13400 and 6920.
40
What is the highest common divisor of 61037 and 66397?
67
Calculate the highest common divisor of 109246 and 1.
1
Calculate the highest common factor of 301240 and 246160.
680
What is the greatest common divisor of 334235 and 4990865?
5665
Calculate the highest common factor of 88137893 and 257.
257
What is the highest common divisor of 949 and 13521206?
73
Calculate the greatest common divisor of 298620 and 198685.
395
Calculate the greatest common divisor of 98819 and 5870443.
743
Calculate the highest common divisor of 161 and 732672843.
161
Calculate the greatest common divisor of 46397065 and 403.
13
What is the highest common factor of 57040 and 69717600?
1840
What is the highest common factor of 20952 and 2653532?
388
What is the highest common factor of 6 and 4113670?
2
Calculate the highest common divisor of 49 and 5340821689.
49
Calculate the greatest common divisor of 4508 and 161008372.
644
Calculate the greatest common factor of 5082021 and 19824.
21
Calculate the 